[INFO] fetching crate git-hive-protocol 0.2.3...
[INFO] checking git-hive-protocol-0.2.3 against master#af3c6e733a40e671550e0f0f5aeecaa13772ba56 for pr-74989
[INFO] extracting crate git-hive-protocol 0.2.3 into /workspace/builds/worker-2/source
[INFO] validating manifest of crates.io crate git-hive-protocol 0.2.3 on toolchain af3c6e733a40e671550e0f0f5aeecaa13772ba56
[INFO] running `Command { std: "/workspace/cargo-home/bin/cargo" "+af3c6e733a40e671550e0f0f5aeecaa13772ba56" "read-manifest" "--manifest-path" "Cargo.toml", kill_on_drop: false }`
[INFO] started tweaking crates.io crate git-hive-protocol 0.2.3
[INFO] finished tweaking crates.io crate git-hive-protocol 0.2.3
[INFO] tweaked toml for crates.io crate git-hive-protocol 0.2.3 written to /workspace/builds/worker-2/source/Cargo.toml
[INFO] running `Command { std: "/workspace/cargo-home/bin/cargo" "+af3c6e733a40e671550e0f0f5aeecaa13772ba56" "generate-lockfile" "--manifest-path" "Cargo.toml" "-Zno-index-update", kill_on_drop: false }`
[INFO] running `Command { std: "/workspace/cargo-home/bin/cargo" "+af3c6e733a40e671550e0f0f5aeecaa13772ba56" "fetch" "--locked" "--manifest-path" "Cargo.toml", kill_on_drop: false }`
[INFO] running `Command { std: "docker" "create" "-v" "/var/lib/crater-agent-workspace/builds/worker-2/target:/opt/rustwide/target:rw,Z" "-v" "/var/lib/crater-agent-workspace/builds/worker-2/source:/opt/rustwide/workdir:ro,Z" "-v" "/var/lib/crater-agent-workspace/cargo-home:/opt/rustwide/cargo-home:ro,Z" "-v" "/var/lib/crater-agent-workspace/rustup-home:/opt/rustwide/rustup-home:ro,Z" "-e" "SOURCE_DIR=/opt/rustwide/workdir" "-e" "CARGO_TARGET_DIR=/opt/rustwide/target" "-e" "CARGO_HOME=/opt/rustwide/cargo-home" "-e" "RUSTUP_HOME=/opt/rustwide/rustup-home" "-w" "/opt/rustwide/workdir" "-m" "1610612736" "--user" "0:0" "--network" "none" "rustops/crates-build-env@sha256:d92eaeed33fa75130ca1ee6c8a01d1ffb62bac859dfdfb3450e3e5d1c0146529" "/opt/rustwide/cargo-home/bin/cargo" "+af3c6e733a40e671550e0f0f5aeecaa13772ba56" "metadata" "--no-deps" "--format-version=1", kill_on_drop: false }`
[INFO] [stdout] f6379260099939ea0554a870aaf2efff926ca44c1b212c16444b5d7fccf42d7f
[INFO] [stderr] WARNING: Your kernel does not support swap limit capabilities or the cgroup is not mounted. Memory limited without swap.
[INFO] running `Command { std: "docker" "start" "-a" "f6379260099939ea0554a870aaf2efff926ca44c1b212c16444b5d7fccf42d7f", kill_on_drop: false }`
[INFO] running `Command { std: "docker" "inspect" "f6379260099939ea0554a870aaf2efff926ca44c1b212c16444b5d7fccf42d7f", kill_on_drop: false }`
[INFO] running `Command { std: "docker" "rm" "-f" "f6379260099939ea0554a870aaf2efff926ca44c1b212c16444b5d7fccf42d7f", kill_on_drop: false }`
[INFO] [stdout] f6379260099939ea0554a870aaf2efff926ca44c1b212c16444b5d7fccf42d7f
[INFO] running `Command { std: "docker" "create" "-v" "/var/lib/crater-agent-workspace/builds/worker-2/target:/opt/rustwide/target:rw,Z" "-v" "/var/lib/crater-agent-workspace/builds/worker-2/source:/opt/rustwide/workdir:ro,Z" "-v" "/var/lib/crater-agent-workspace/cargo-home:/opt/rustwide/cargo-home:ro,Z" "-v" "/var/lib/crater-agent-workspace/rustup-home:/opt/rustwide/rustup-home:ro,Z" "-e" "SOURCE_DIR=/opt/rustwide/workdir" "-e" "CARGO_TARGET_DIR=/opt/rustwide/target" "-e" "CARGO_INCREMENTAL=0" "-e" "RUST_BACKTRACE=full" "-e" "RUSTFLAGS=--cap-lints=forbid" "-e" "CARGO_HOME=/opt/rustwide/cargo-home" "-e" "RUSTUP_HOME=/opt/rustwide/rustup-home" "-w" "/opt/rustwide/workdir" "-m" "1610612736" "--user" "0:0" "--network" "none" "rustops/crates-build-env@sha256:d92eaeed33fa75130ca1ee6c8a01d1ffb62bac859dfdfb3450e3e5d1c0146529" "/opt/rustwide/cargo-home/bin/cargo" "+af3c6e733a40e671550e0f0f5aeecaa13772ba56" "check" "--frozen" "--all" "--all-targets" "--message-format=json", kill_on_drop: false }`
[INFO] [stderr] WARNING: Your kernel does not support swap limit capabilities or the cgroup is not mounted. Memory limited without swap.
[INFO] [stdout] 47fc5550872b6eb0bf23a3585ab8f9c2513704d011fe10cc324a7e6bd923a30a
[INFO] running `Command { std: "docker" "start" "-a" "47fc5550872b6eb0bf23a3585ab8f9c2513704d011fe10cc324a7e6bd923a30a", kill_on_drop: false }`
[INFO] [stderr]    Compiling byteorder v1.3.4
[INFO] [stderr]    Compiling libc v0.2.77
[INFO] [stderr]     Checking rustc-serialize v0.3.24
[INFO] [stderr]     Checking byteorder v0.3.13
[INFO] [stderr]     Checking time v0.1.44
[INFO] [stderr]     Checking rmp v0.5.1
[INFO] [stdout] error[E0433]: failed to resolve: could not find `Error` in `byteorder`
[INFO] [stdout]   --> /opt/rustwide/cargo-home/registry/src/github.com-1ecc6299db9ec823/rmp-0.5.1/src/encode.rs:37:24
[INFO] [stdout]    |
[INFO] [stdout] 37 |             byteorder::Error::UnexpectedEOF => {
[INFO] [stdout]    |                        ^^^^^ could not find `Error` in `byteorder`
[INFO] [stdout] 
[INFO] [stdout] 
[INFO] [stdout] error[E0433]: failed to resolve: could not find `Error` in `byteorder`
[INFO] [stdout]   --> /opt/rustwide/cargo-home/registry/src/github.com-1ecc6299db9ec823/rmp-0.5.1/src/encode.rs:40:24
[INFO] [stdout]    |
[INFO] [stdout] 40 |             byteorder::Error::Io(err) => WriteError(err),
[INFO] [stdout]    |                        ^^^^^ could not find `Error` in `byteorder`
[INFO] [stdout] 
[INFO] [stdout] 
[INFO] [stdout] error[E0433]: failed to resolve: could not find `Error` in `byteorder`
[INFO] [stdout]   --> /opt/rustwide/cargo-home/registry/src/github.com-1ecc6299db9ec823/rmp-0.5.1/src/decode.rs:75:24
[INFO] [stdout]    |
[INFO] [stdout] 75 |             byteorder::Error::UnexpectedEOF => ReadError::UnexpectedEOF,
[INFO] [stdout]    |                        ^^^^^ could not find `Error` in `byteorder`
[INFO] [stdout] 
[INFO] [stdout] 
[INFO] [stdout] error[E0433]: failed to resolve: could not find `Error` in `byteorder`
[INFO] [stdout]   --> /opt/rustwide/cargo-home/registry/src/github.com-1ecc6299db9ec823/rmp-0.5.1/src/decode.rs:76:24
[INFO] [stdout]    |
[INFO] [stdout] 76 |             byteorder::Error::Io(err) => ReadError::Io(err),
[INFO] [stdout]    |                        ^^^^^ could not find `Error` in `byteorder`
[INFO] [stdout] 
[INFO] [stdout] 
[INFO] [stdout] error[E0433]: failed to resolve: could not find `Error` in `byteorder`
[INFO] [stdout]    --> /opt/rustwide/cargo-home/registry/src/github.com-1ecc6299db9ec823/rmp-0.5.1/src/decode.rs:119:24
[INFO] [stdout]     |
[INFO] [stdout] 119 |             byteorder::Error::UnexpectedEOF => MarkerReadError::UnexpectedEOF,
[INFO] [stdout]     |                        ^^^^^ could not find `Error` in `byteorder`
[INFO] [stdout] 
[INFO] [stdout] 
[INFO] [stdout] error[E0433]: failed to resolve: could not find `Error` in `byteorder`
[INFO] [stdout]    --> /opt/rustwide/cargo-home/registry/src/github.com-1ecc6299db9ec823/rmp-0.5.1/src/decode.rs:120:24
[INFO] [stdout]     |
[INFO] [stdout] 120 |             byteorder::Error::Io(err) => MarkerReadError::Io(err),
[INFO] [stdout]     |                        ^^^^^ could not find `Error` in `byteorder`
[INFO] [stdout] 
[INFO] [stdout] 
[INFO] [stdout] error[E0412]: cannot find type `Error` in crate `byteorder`
[INFO] [stdout]   --> /opt/rustwide/cargo-home/registry/src/github.com-1ecc6299db9ec823/rmp-0.5.1/src/encode.rs:34:22
[INFO] [stdout]    |
[INFO] [stdout] 34 | impl From<byteorder::Error> for WriteError {
[INFO] [stdout]    |                      ^^^^^ not found in `byteorder`
[INFO] [stdout]    |
[INFO] [stdout] help: consider importing one of these items
[INFO] [stdout]    |
[INFO] [stdout] 1  | use decode::serialize::Error;
[INFO] [stdout]    |
[INFO] [stdout] 1  | use decode::value::Error;
[INFO] [stdout]    |
[INFO] [stdout] 1  | use decode::value_ref::Error;
[INFO] [stdout]    |
[INFO] [stdout] 1  | use encode::serialize::Error;
[INFO] [stdout]    |
[INFO] [stdout]      and 2 other candidates
[INFO] [stdout] 
[INFO] [stdout] 
[INFO] [stdout] error[E0412]: cannot find type `Error` in crate `byteorder`
[INFO] [stdout]   --> /opt/rustwide/cargo-home/registry/src/github.com-1ecc6299db9ec823/rmp-0.5.1/src/encode.rs:35:29
[INFO] [stdout]    |
[INFO] [stdout] 35 |     fn from(err: byteorder::Error) -> WriteError {
[INFO] [stdout]    |                             ^^^^^ not found in `byteorder`
[INFO] [stdout]    |
[INFO] [stdout] help: consider importing one of these items
[INFO] [stdout]    |
[INFO] [stdout] 1  | use decode::serialize::Error;
[INFO] [stdout]    |
[INFO] [stdout] 1  | use decode::value::Error;
[INFO] [stdout]    |
[INFO] [stdout] 1  | use decode::value_ref::Error;
[INFO] [stdout]    |
[INFO] [stdout] 1  | use encode::serialize::Error;
[INFO] [stdout]    |
[INFO] [stdout]      and 2 other candidates
[INFO] [stdout] 
[INFO] [stdout] 
[INFO] [stdout] error[E0412]: cannot find type `Error` in crate `byteorder`
[INFO] [stdout]   --> /opt/rustwide/cargo-home/registry/src/github.com-1ecc6299db9ec823/rmp-0.5.1/src/encode.rs:63:22
[INFO] [stdout]    |
[INFO] [stdout] 63 | impl From<byteorder::Error> for MarkerWriteError {
[INFO] [stdout]    |                      ^^^^^ not found in `byteorder`
[INFO] [stdout]    |
[INFO] [stdout] help: consider importing one of these items
[INFO] [stdout]    |
[INFO] [stdout] 1  | use decode::serialize::Error;
[INFO] [stdout]    |
[INFO] [stdout] 1  | use decode::value::Error;
[INFO] [stdout]    |
[INFO] [stdout] 1  | use decode::value_ref::Error;
[INFO] [stdout]    |
[INFO] [stdout] 1  | use encode::serialize::Error;
[INFO] [stdout]    |
[INFO] [stdout]      and 2 other candidates
[INFO] [stdout] 
[INFO] [stdout] 
[INFO] [stdout] error[E0412]: cannot find type `Error` in crate `byteorder`
[INFO] [stdout]   --> /opt/rustwide/cargo-home/registry/src/github.com-1ecc6299db9ec823/rmp-0.5.1/src/encode.rs:64:29
[INFO] [stdout]    |
[INFO] [stdout] 64 |     fn from(err: byteorder::Error) -> MarkerWriteError {
[INFO] [stdout]    |                             ^^^^^ not found in `byteorder`
[INFO] [stdout]    |
[INFO] [stdout] help: consider importing one of these items
[INFO] [stdout]    |
[INFO] [stdout] 1  | use decode::serialize::Error;
[INFO] [stdout]    |
[INFO] [stdout] 1  | use decode::value::Error;
[INFO] [stdout]    |
[INFO] [stdout] 1  | use decode::value_ref::Error;
[INFO] [stdout]    |
[INFO] [stdout] 1  | use encode::serialize::Error;
[INFO] [stdout]    |
[INFO] [stdout]      and 2 other candidates
[INFO] [stdout] 
[INFO] [stdout] 
[INFO] [stdout] error[E0412]: cannot find type `Error` in crate `byteorder`
[INFO] [stdout]   --> /opt/rustwide/cargo-home/registry/src/github.com-1ecc6299db9ec823/rmp-0.5.1/src/decode.rs:72:22
[INFO] [stdout]    |
[INFO] [stdout] 72 | impl From<byteorder::Error> for ReadError {
[INFO] [stdout]    |                      ^^^^^ not found in `byteorder`
[INFO] [stdout]    |
[INFO] [stdout] help: consider importing one of these items
[INFO] [stdout]    |
[INFO] [stdout] 15 | use decode::fmt::Error;
[INFO] [stdout]    |
[INFO] [stdout] 15 | use decode::io::Error;
[INFO] [stdout]    |
[INFO] [stdout] 15 | use decode::serialize::Error;
[INFO] [stdout]    |
[INFO] [stdout] 15 | use decode::value::Error;
[INFO] [stdout]    |
[INFO] [stdout]      and 4 other candidates
[INFO] [stdout] 
[INFO] [stdout] 
[INFO] [stdout] error[E0412]: cannot find type `Error` in crate `byteorder`
[INFO] [stdout]   --> /opt/rustwide/cargo-home/registry/src/github.com-1ecc6299db9ec823/rmp-0.5.1/src/decode.rs:73:29
[INFO] [stdout]    |
[INFO] [stdout] 73 |     fn from(err: byteorder::Error) -> ReadError {
[INFO] [stdout]    |                             ^^^^^ not found in `byteorder`
[INFO] [stdout]    |
[INFO] [stdout] help: consider importing one of these items
[INFO] [stdout]    |
[INFO] [stdout] 15 | use decode::fmt::Error;
[INFO] [stdout]    |
[INFO] [stdout] 15 | use decode::io::Error;
[INFO] [stdout]    |
[INFO] [stdout] 15 | use decode::serialize::Error;
[INFO] [stdout]    |
[INFO] [stdout] 15 | use decode::value::Error;
[INFO] [stdout]    |
[INFO] [stdout]      and 4 other candidates
[INFO] [stdout] 
[INFO] [stdout] 
[INFO] [stdout] error[E0412]: cannot find type `Error` in crate `byteorder`
[INFO] [stdout]    --> /opt/rustwide/cargo-home/registry/src/github.com-1ecc6299db9ec823/rmp-0.5.1/src/decode.rs:116:22
[INFO] [stdout]     |
[INFO] [stdout] 116 | impl From<byteorder::Error> for MarkerReadError {
[INFO] [stdout]     |                      ^^^^^ not found in `byteorder`
[INFO] [stdout]     |
[INFO] [stdout] help: consider importing one of these items
[INFO] [stdout]     |
[INFO] [stdout] 15  | use decode::fmt::Error;
[INFO] [stdout]     |
[INFO] [stdout] 15  | use decode::io::Error;
[INFO] [stdout]     |
[INFO] [stdout] 15  | use decode::serialize::Error;
[INFO] [stdout]     |
[INFO] [stdout] 15  | use decode::value::Error;
[INFO] [stdout]     |
[INFO] [stdout]       and 4 other candidates
[INFO] [stdout] 
[INFO] [stdout] 
[INFO] [stdout] error[E0412]: cannot find type `Error` in crate `byteorder`
[INFO] [stdout]    --> /opt/rustwide/cargo-home/registry/src/github.com-1ecc6299db9ec823/rmp-0.5.1/src/decode.rs:117:29
[INFO] [stdout]     |
[INFO] [stdout] 117 |     fn from(err: byteorder::Error) -> MarkerReadError {
[INFO] [stdout]     |                             ^^^^^ not found in `byteorder`
[INFO] [stdout]     |
[INFO] [stdout] help: consider importing one of these items
[INFO] [stdout]     |
[INFO] [stdout] 15  | use decode::fmt::Error;
[INFO] [stdout]     |
[INFO] [stdout] 15  | use decode::io::Error;
[INFO] [stdout]     |
[INFO] [stdout] 15  | use decode::serialize::Error;
[INFO] [stdout]     |
[INFO] [stdout] 15  | use decode::value::Error;
[INFO] [stdout]     |
[INFO] [stdout]       and 4 other candidates
[INFO] [stdout] 
[INFO] [stdout] 
[INFO] [stdout] error[E0412]: cannot find type `Error` in crate `byteorder`
[INFO] [stdout]    --> /opt/rustwide/cargo-home/registry/src/github.com-1ecc6299db9ec823/rmp-0.5.1/src/decode.rs:383:61
[INFO] [stdout]     |
[INFO] [stdout] 383 |     fn read<R: Read>(rd: &mut R) -> Result<Self, byteorder::Error>;
[INFO] [stdout]     |                                                             ^^^^^ not found in `byteorder`
[INFO] [stdout]     |
[INFO] [stdout] help: consider importing one of these items
[INFO] [stdout]     |
[INFO] [stdout] 15  | use decode::fmt::Error;
[INFO] [stdout]     |
[INFO] [stdout] 15  | use decode::io::Error;
[INFO] [stdout]     |
[INFO] [stdout] 15  | use decode::serialize::Error;
[INFO] [stdout]     |
[INFO] [stdout] 15  | use decode::value::Error;
[INFO] [stdout]     |
[INFO] [stdout]       and 4 other candidates
[INFO] [stdout] 
[INFO] [stdout] 
[INFO] [stdout] error[E0412]: cannot find type `Error` in crate `byteorder`
[INFO] [stdout]    --> /opt/rustwide/cargo-home/registry/src/github.com-1ecc6299db9ec823/rmp-0.5.1/src/decode.rs:387:59
[INFO] [stdout]     |
[INFO] [stdout] 387 |     fn read<R: Read>(rd: &mut R) -> Result<u8, byteorder::Error> {
[INFO] [stdout]     |                                                           ^^^^^ not found in `byteorder`
[INFO] [stdout]     |
[INFO] [stdout] help: consider importing one of these items
[INFO] [stdout]     |
[INFO] [stdout] 15  | use decode::fmt::Error;
[INFO] [stdout]     |
[INFO] [stdout] 15  | use decode::io::Error;
[INFO] [stdout]     |
[INFO] [stdout] 15  | use decode::serialize::Error;
[INFO] [stdout]     |
[INFO] [stdout] 15  | use decode::value::Error;
[INFO] [stdout]     |
[INFO] [stdout]       and 4 other candidates
[INFO] [stdout] 
[INFO] [stdout] 
[INFO] [stdout] error[E0412]: cannot find type `Error` in crate `byteorder`
[INFO] [stdout]    --> /opt/rustwide/cargo-home/registry/src/github.com-1ecc6299db9ec823/rmp-0.5.1/src/decode.rs:393:60
[INFO] [stdout]     |
[INFO] [stdout] 393 |     fn read<R: Read>(rd: &mut R) -> Result<u16, byteorder::Error> {
[INFO] [stdout]     |                                                            ^^^^^ not found in `byteorder`
[INFO] [stdout]     |
[INFO] [stdout] help: consider importing one of these items
[INFO] [stdout]     |
[INFO] [stdout] 15  | use decode::fmt::Error;
[INFO] [stdout]     |
[INFO] [stdout] 15  | use decode::io::Error;
[INFO] [stdout]     |
[INFO] [stdout] 15  | use decode::serialize::Error;
[INFO] [stdout]     |
[INFO] [stdout] 15  | use decode::value::Error;
[INFO] [stdout]     |
[INFO] [stdout]       and 4 other candidates
[INFO] [stdout] 
[INFO] [stdout] 
[INFO] [stdout] error[E0412]: cannot find type `Error` in crate `byteorder`
[INFO] [stdout]    --> /opt/rustwide/cargo-home/registry/src/github.com-1ecc6299db9ec823/rmp-0.5.1/src/decode.rs:399:60
[INFO] [stdout]     |
[INFO] [stdout] 399 |     fn read<R: Read>(rd: &mut R) -> Result<u32, byteorder::Error> {
[INFO] [stdout]     |                                                            ^^^^^ not found in `byteorder`
[INFO] [stdout]     |
[INFO] [stdout] help: consider importing one of these items
[INFO] [stdout]     |
[INFO] [stdout] 15  | use decode::fmt::Error;
[INFO] [stdout]     |
[INFO] [stdout] 15  | use decode::io::Error;
[INFO] [stdout]     |
[INFO] [stdout] 15  | use decode::serialize::Error;
[INFO] [stdout]     |
[INFO] [stdout] 15  | use decode::value::Error;
[INFO] [stdout]     |
[INFO] [stdout]       and 4 other candidates
[INFO] [stdout] 
[INFO] [stdout] 
[INFO] [stdout] error[E0412]: cannot find type `Error` in crate `byteorder`
[INFO] [stdout]    --> /opt/rustwide/cargo-home/registry/src/github.com-1ecc6299db9ec823/rmp-0.5.1/src/decode.rs:405:60
[INFO] [stdout]     |
[INFO] [stdout] 405 |     fn read<R: Read>(rd: &mut R) -> Result<u64, byteorder::Error> {
[INFO] [stdout]     |                                                            ^^^^^ not found in `byteorder`
[INFO] [stdout]     |
[INFO] [stdout] help: consider importing one of these items
[INFO] [stdout]     |
[INFO] [stdout] 15  | use decode::fmt::Error;
[INFO] [stdout]     |
[INFO] [stdout] 15  | use decode::io::Error;
[INFO] [stdout]     |
[INFO] [stdout] 15  | use decode::serialize::Error;
[INFO] [stdout]     |
[INFO] [stdout] 15  | use decode::value::Error;
[INFO] [stdout]     |
[INFO] [stdout]       and 4 other candidates
[INFO] [stdout] 
[INFO] [stdout] 
[INFO] [stdout] error[E0412]: cannot find type `Error` in crate `byteorder`
[INFO] [stdout]    --> /opt/rustwide/cargo-home/registry/src/github.com-1ecc6299db9ec823/rmp-0.5.1/src/decode.rs:411:59
[INFO] [stdout]     |
[INFO] [stdout] 411 |     fn read<R: Read>(rd: &mut R) -> Result<i8, byteorder::Error> {
[INFO] [stdout]     |                                                           ^^^^^ not found in `byteorder`
[INFO] [stdout]     |
[INFO] [stdout] help: consider importing one of these items
[INFO] [stdout]     |
[INFO] [stdout] 15  | use decode::fmt::Error;
[INFO] [stdout]     |
[INFO] [stdout] 15  | use decode::io::Error;
[INFO] [stdout]     |
[INFO] [stdout] 15  | use decode::serialize::Error;
[INFO] [stdout]     |
[INFO] [stdout] 15  | use decode::value::Error;
[INFO] [stdout]     |
[INFO] [stdout]       and 4 other candidates
[INFO] [stdout] 
[INFO] [stdout] 
[INFO] [stdout] error[E0412]: cannot find type `Error` in crate `byteorder`
[INFO] [stdout]    --> /opt/rustwide/cargo-home/registry/src/github.com-1ecc6299db9ec823/rmp-0.5.1/src/decode.rs:417:60
[INFO] [stdout]     |
[INFO] [stdout] 417 |     fn read<R: Read>(rd: &mut R) -> Result<i16, byteorder::Error> {
[INFO] [stdout]     |                                                            ^^^^^ not found in `byteorder`
[INFO] [stdout]     |
[INFO] [stdout] help: consider importing one of these items
[INFO] [stdout]     |
[INFO] [stdout] 15  | use decode::fmt::Error;
[INFO] [stdout]     |
[INFO] [stdout] 15  | use decode::io::Error;
[INFO] [stdout]     |
[INFO] [stdout] 15  | use decode::serialize::Error;
[INFO] [stdout]     |
[INFO] [stdout] 15  | use decode::value::Error;
[INFO] [stdout]     |
[INFO] [stdout]       and 4 other candidates
[INFO] [stdout] 
[INFO] [stdout] 
[INFO] [stdout] error[E0412]: cannot find type `Error` in crate `byteorder`
[INFO] [stdout]    --> /opt/rustwide/cargo-home/registry/src/github.com-1ecc6299db9ec823/rmp-0.5.1/src/decode.rs:423:60
[INFO] [stdout]     |
[INFO] [stdout] 423 |     fn read<R: Read>(rd: &mut R) -> Result<i32, byteorder::Error> {
[INFO] [stdout]     |                                                            ^^^^^ not found in `byteorder`
[INFO] [stdout]     |
[INFO] [stdout] help: consider importing one of these items
[INFO] [stdout]     |
[INFO] [stdout] 15  | use decode::fmt::Error;
[INFO] [stdout]     |
[INFO] [stdout] 15  | use decode::io::Error;
[INFO] [stdout]     |
[INFO] [stdout] 15  | use decode::serialize::Error;
[INFO] [stdout]     |
[INFO] [stdout] 15  | use decode::value::Error;
[INFO] [stdout]     |
[INFO] [stdout]       and 4 other candidates
[INFO] [stdout] 
[INFO] [stdout] 
[INFO] [stdout] error[E0412]: cannot find type `Error` in crate `byteorder`
[INFO] [stdout]    --> /opt/rustwide/cargo-home/registry/src/github.com-1ecc6299db9ec823/rmp-0.5.1/src/decode.rs:429:60
[INFO] [stdout]     |
[INFO] [stdout] 429 |     fn read<R: Read>(rd: &mut R) -> Result<i64, byteorder::Error> {
[INFO] [stdout]     |                                                            ^^^^^ not found in `byteorder`
[INFO] [stdout]     |
[INFO] [stdout] help: consider importing one of these items
[INFO] [stdout]     |
[INFO] [stdout] 15  | use decode::fmt::Error;
[INFO] [stdout]     |
[INFO] [stdout] 15  | use decode::io::Error;
[INFO] [stdout]     |
[INFO] [stdout] 15  | use decode::serialize::Error;
[INFO] [stdout]     |
[INFO] [stdout] 15  | use decode::value::Error;
[INFO] [stdout]     |
[INFO] [stdout]       and 4 other candidates
[INFO] [stdout] 
[INFO] [stdout] 
[INFO] [stdout] error[E0412]: cannot find type `Error` in crate `byteorder`
[INFO] [stdout]    --> /opt/rustwide/cargo-home/registry/src/github.com-1ecc6299db9ec823/rmp-0.5.1/src/decode.rs:435:60
[INFO] [stdout]     |
[INFO] [stdout] 435 |     fn read<R: Read>(rd: &mut R) -> Result<f32, byteorder::Error> {
[INFO] [stdout]     |                                                            ^^^^^ not found in `byteorder`
[INFO] [stdout]     |
[INFO] [stdout] help: consider importing one of these items
[INFO] [stdout]     |
[INFO] [stdout] 15  | use decode::fmt::Error;
[INFO] [stdout]     |
[INFO] [stdout] 15  | use decode::io::Error;
[INFO] [stdout]     |
[INFO] [stdout] 15  | use decode::serialize::Error;
[INFO] [stdout]     |
[INFO] [stdout] 15  | use decode::value::Error;
[INFO] [stdout]     |
[INFO] [stdout]       and 4 other candidates
[INFO] [stdout] 
[INFO] [stdout] 
[INFO] [stdout] error[E0412]: cannot find type `Error` in crate `byteorder`
[INFO] [stdout]    --> /opt/rustwide/cargo-home/registry/src/github.com-1ecc6299db9ec823/rmp-0.5.1/src/decode.rs:441:60
[INFO] [stdout]     |
[INFO] [stdout] 441 |     fn read<R: Read>(rd: &mut R) -> Result<f64, byteorder::Error> {
[INFO] [stdout]     |                                                            ^^^^^ not found in `byteorder`
[INFO] [stdout]     |
[INFO] [stdout] help: consider importing one of these items
[INFO] [stdout]     |
[INFO] [stdout] 15  | use decode::fmt::Error;
[INFO] [stdout]     |
[INFO] [stdout] 15  | use decode::io::Error;
[INFO] [stdout]     |
[INFO] [stdout] 15  | use decode::serialize::Error;
[INFO] [stdout]     |
[INFO] [stdout] 15  | use decode::value::Error;
[INFO] [stdout]     |
[INFO] [stdout]       and 4 other candidates
[INFO] [stdout] 
[INFO] [stdout] 
[INFO] [stdout] error[E0277]: the size for values of type `Self` cannot be known at compilation time
[INFO] [stdout]    --> /opt/rustwide/cargo-home/registry/src/github.com-1ecc6299db9ec823/rmp-0.5.1/src/decode.rs:383:37
[INFO] [stdout]     |
[INFO] [stdout] 383 |     fn read<R: Read>(rd: &mut R) -> Result<Self, byteorder::Error>;
[INFO] [stdout]     |                                     ^^^^^^^^^^^^^^^^^^^^^^^^^^^^^^ doesn't have a size known at compile-time
[INFO] [stdout]     |
[INFO] [stdout] help: consider further restricting `Self`
[INFO] [stdout]     |
[INFO] [stdout] 383 |     fn read<R: Read>(rd: &mut R) -> Result<Self, byteorder::Error> where Self: Sized;
[INFO] [stdout]     |                                                                    ^^^^^^^^^^^^^^^^^
[INFO] [stdout] 
[INFO] [stdout] 
[INFO] [stdout] error: aborting due to 26 previous errors
[INFO] [stdout] 
[INFO] [stdout] 
[INFO] [stdout] Some errors have detailed explanations: E0277, E0412, E0433.
[INFO] [stdout] 
[INFO] [stdout] For more information about an error, try `rustc --explain E0277`.
[INFO] [stdout] 
[INFO] [stderr] error: could not compile `rmp`.
[INFO] [stderr] 
[INFO] [stderr] To learn more, run the command again with --verbose.
[INFO] running `Command { std: "docker" "inspect" "47fc5550872b6eb0bf23a3585ab8f9c2513704d011fe10cc324a7e6bd923a30a", kill_on_drop: false }`
[INFO] running `Command { std: "docker" "rm" "-f" "47fc5550872b6eb0bf23a3585ab8f9c2513704d011fe10cc324a7e6bd923a30a", kill_on_drop: false }`
[INFO] [stdout] 47fc5550872b6eb0bf23a3585ab8f9c2513704d011fe10cc324a7e6bd923a30a
